{"id":72,"date":"2019-08-17T20:07:09","date_gmt":"2019-08-17T18:07:09","guid":{"rendered":"http:\/\/movinsburger.fr\/?page_id=72"},"modified":"2019-08-18T00:25:22","modified_gmt":"2019-08-17T22:25:22","slug":"a-propos","status":"publish","type":"page","link":"http:\/\/movinsburger.fr\/index.php\/a-propos\/","title":{"rendered":"A Propos"},"content":{"rendered":"\n<div class=\"wp-block-media-text alignwide\"><figure class=\"wp-block-media-text__media\"><img loading=\"lazy\" decoding=\"async\" width=\"500\" height=\"309\" src=\"http:\/\/movinsburger.fr\/wp-content\/uploads\/2019\/08\/fresh_logo_800x494_rdax_500x309.jpg\" alt=\"\" class=\"wp-image-100\" srcset=\"http:\/\/movinsburger.fr\/wp-content\/uploads\/2019\/08\/fresh_logo_800x494_rdax_500x309.jpg 500w, http:\/\/movinsburger.fr\/wp-content\/uploads\/2019\/08\/fresh_logo_800x494_rdax_500x309-300x185.jpg 300w\" sizes=\"(max-width: 500px) 100vw, 500px\" \/><\/figure><div class=\"wp-block-media-text__content\">\n<p class=\"has-large-font-size\">Frais.<\/p>\n<\/div><\/div>\n\n\n\n<div class=\"wp-block-media-text alignwide\"><figure class=\"wp-block-media-text__media\"><img loading=\"lazy\" decoding=\"async\" width=\"1024\" height=\"614\" src=\"http:\/\/movinsburger.fr\/wp-content\/uploads\/2019\/08\/local-logo-1024x614.png\" alt=\"\" class=\"wp-image-101\" srcset=\"http:\/\/movinsburger.fr\/wp-content\/uploads\/2019\/08\/local-logo-1024x614.png 1024w, http:\/\/movinsburger.fr\/wp-content\/uploads\/2019\/08\/local-logo-300x180.png 300w, http:\/\/movinsburger.fr\/wp-content\/uploads\/2019\/08\/local-logo-768x461.png 768w, http:\/\/movinsburger.fr\/wp-content\/uploads\/2019\/08\/local-logo-600x360.png 600w, http:\/\/movinsburger.fr\/wp-content\/uploads\/2019\/08\/local-logo.png 1042w\" sizes=\"(max-width: 1024px) 100vw, 1024px\" \/><\/figure><div class=\"wp-block-media-text__content\">\n<p class=\"has-large-font-size\">Local.<\/p>\n<\/div><\/div>\n\n\n\n<div class=\"wp-block-media-text alignwide\"><figure class=\"wp-block-media-text__media\"><img loading=\"lazy\" decoding=\"async\" width=\"1000\" height=\"1000\" src=\"http:\/\/movinsburger.fr\/wp-content\/uploads\/2019\/08\/box-36-tampon-bois-fait-maison-3660016022532_0.jpg\" alt=\"\" class=\"wp-image-102\" srcset=\"http:\/\/movinsburger.fr\/wp-content\/uploads\/2019\/08\/box-36-tampon-bois-fait-maison-3660016022532_0.jpg 1000w, http:\/\/movinsburger.fr\/wp-content\/uploads\/2019\/08\/box-36-tampon-bois-fait-maison-3660016022532_0-150x150.jpg 150w, http:\/\/movinsburger.fr\/wp-content\/uploads\/2019\/08\/box-36-tampon-bois-fait-maison-3660016022532_0-300x300.jpg 300w, http:\/\/movinsburger.fr\/wp-content\/uploads\/2019\/08\/box-36-tampon-bois-fait-maison-3660016022532_0-768x768.jpg 768w, http:\/\/movinsburger.fr\/wp-content\/uploads\/2019\/08\/box-36-tampon-bois-fait-maison-3660016022532_0-600x600.jpg 600w\" sizes=\"(max-width: 1000px) 100vw, 1000px\" \/><\/figure><div class=\"wp-block-media-text__content\">\n<p class=\"has-large-font-size\">Fait Maison.<\/p>\n<\/div><\/div>\n\n\n\n<figure class=\"wp-block-image\"><img loading=\"lazy\" decoding=\"async\" width=\"528\" height=\"433\" src=\"http:\/\/movinsburger.fr\/wp-content\/uploads\/2019\/08\/HACCP.jpg\" alt=\"\" class=\"wp-image-103\" srcset=\"http:\/\/movinsburger.fr\/wp-content\/uploads\/2019\/08\/HACCP.jpg 528w, http:\/\/movinsburger.fr\/wp-content\/uploads\/2019\/08\/HACCP-300x246.jpg 300w\" sizes=\"(max-width: 528px) 100vw, 528px\" \/><\/figure>\n\n\n\n<p><em>Notre concept original vous propose toutes sortes de hamburgers, de sushi et rouleaux de printemps, dans une \u201cfood-caravan\u201d pr\u00e8s de chez vous. Notre philosophie se r\u00e9sume en trois points : <strong>frais, local et fait maison<\/strong>. Nous respectons cet objectif en veillant \u00e0 ce que tous les ingredients qui entrent dans la composition des plats soient frais, non congel\u00e9s, issus de l\u2019agriculture locale pour la plupart et surtout, tous pr\u00e9par\u00e9s sur place et non dans une cuisine industrielle.<\/em><\/p>\n\n\n\n<p><em>Tous les hamburgers sont fabriqu\u00e9s sur commande et nous ne les pr\u00e9parons pas \u00e0 l\u2019avance pour garantir la fraicheur de nos produits, dans le respect du suivi et de la s\u00e9curit\u00e9 alimentaire pour l\u2019ensemble de notre processus de fabrication.<\/em><\/p>\n","protected":false},"excerpt":{"rendered":"<p>Frais. Local. Fait Maison. Notre concept original vous propose toutes sortes de hamburgers, de sushi et rouleaux de printemps, dans une \u201cfood-caravan\u201d pr\u00e8s de chez vous. Notre philosophie se r\u00e9sume en trois points : frais, local et fait maison. Nous respectons cet objectif en veillant \u00e0 ce que tous les ingredients qui entrent dans la [&hellip;]<\/p>\n","protected":false},"author":1,"featured_media":0,"parent":0,"menu_order":0,"comment_status":"closed","ping_status":"closed","template":"","meta":{"footnotes":""},"class_list":["post-72","page","type-page","status-publish","hentry","entry"],"_links":{"self":[{"href":"http:\/\/movinsburger.fr\/index.php\/wp-json\/wp\/v2\/pages\/72"}],"collection":[{"href":"http:\/\/movinsburger.fr\/index.php\/wp-json\/wp\/v2\/pages"}],"about":[{"href":"http:\/\/movinsburger.fr\/index.php\/wp-json\/wp\/v2\/types\/page"}],"author":[{"embeddable":true,"href":"http:\/\/movinsburger.fr\/index.php\/wp-json\/wp\/v2\/users\/1"}],"replies":[{"embeddable":true,"href":"http:\/\/movinsburger.fr\/index.php\/wp-json\/wp\/v2\/comments?post=72"}],"version-history":[{"count":3,"href":"http:\/\/movinsburger.fr\/index.php\/wp-json\/wp\/v2\/pages\/72\/revisions"}],"predecessor-version":[{"id":106,"href":"http:\/\/movinsburger.fr\/index.php\/wp-json\/wp\/v2\/pages\/72\/revisions\/106"}],"wp:attachment":[{"href":"http:\/\/movinsburger.fr\/index.php\/wp-json\/wp\/v2\/media?parent=72"}],"curies":[{"name":"wp","href":"https:\/\/api.w.org\/{rel}","templated":true}]}}